{"id":14574,"date":"2026-04-09T10:42:07","date_gmt":"2026-04-09T13:42:07","guid":{"rendered":"https:\/\/pgravatas.com.br\/index.php\/produto\/gravata-de-seda-matteo-azul\/"},"modified":"2026-04-09T11:27:56","modified_gmt":"2026-04-09T14:27:56","slug":"gravata-de-seda-matteo-azul","status":"publish","type":"product","link":"https:\/\/pgravatas.com.br\/index.php\/produto\/gravata-de-seda-matteo-azul\/","title":{"rendered":"Gravata de Seda Matteo Azul"},"content":{"rendered":"<p>Feita a partir de fibras naturais, a seda traz uma leveza que favorece o caimento de roupas e acess\u00f3rios, como as gravatas. Possui acabamento naturalmente acetinado, proporcionando um brilho suave que traz um aspecto elegante e sofisticado para qualquer pe\u00e7a.<\/p>\n<p>&nbsp;Cada pe\u00e7a nasce de um processo totalmente artesanal, feito inteiramente \u00e0 m\u00e3o, respeitando o tempo e o cuidado que uma gravata de alto padr\u00e3o exige.&nbsp;<\/p>\n<p>Confeccionadas em seda foulard e com entretelas mais firmes, proporcionam um n\u00f3 bem estruturado e elegante, resultando em um visual cl\u00e1ssico, imponente e atemporal.<\/p>\n<p>Gravata Extra Larga com 8,5 cm de ponteira<\/p>\n<p>Composi\u00e7\u00e3o: 100% Seda<\/p>\n","protected":false},"excerpt":{"rendered":"<p>Feita a partir de fibras naturais, a seda traz uma leveza que favorece o caimento de roupas e acess\u00f3rios, como as gravatas. Possui acabamento naturalmente acetinado, proporcionando um brilho suave que traz um aspecto elegante e sofisticado para qualquer pe\u00e7a.<\/p>\n<p>Cada pe\u00e7a nasce de um processo totalmente artesanal, feito inteiramente \u00e0 m\u00e3o, respeitando o tempo e o cuidado que uma gravata de alto padr\u00e3o exige.<\/p>\n<p>Confeccionadas em seda foulard e com entretelas mais firmes, proporcionam um n\u00f3 bem estruturado e elegante, resultando em um visual cl\u00e1ssico, imponente e atemporal.<\/p>\n<p>Gravata Extra Larga com 8,5 cm de ponteira<br \/>\nComposi\u00e7\u00e3o: 100% Seda<\/p>\n","protected":false},"featured_media":14573,"comment_status":"open","ping_status":"closed","template":"","meta":{"ocean_post_layout":"","ocean_both_sidebars_style":"","ocean_both_sidebars_content_width":0,"ocean_both_sidebars_sidebars_width":0,"ocean_sidebar":"0","ocean_second_sidebar":"0","ocean_disable_margins":"enable","ocean_add_body_class":"","ocean_shortcode_before_top_bar":"","ocean_shortcode_after_top_bar":"","ocean_shortcode_before_header":"","ocean_shortcode_after_header":"","ocean_has_shortcode":"","ocean_shortcode_after_title":"","ocean_shortcode_before_footer_widgets":"","ocean_shortcode_after_footer_widgets":"","ocean_shortcode_before_footer_bottom":"","ocean_shortcode_after_footer_bottom":"","ocean_display_top_bar":"default","ocean_display_header":"default","ocean_header_style":"","ocean_center_header_left_menu":"0","ocean_custom_header_template":"0","ocean_custom_logo":0,"ocean_custom_retina_logo":0,"ocean_custom_logo_max_width":0,"ocean_custom_logo_tablet_max_width":0,"ocean_custom_logo_mobile_max_width":0,"ocean_custom_logo_max_height":0,"ocean_custom_logo_tablet_max_height":0,"ocean_custom_logo_mobile_max_height":0,"ocean_header_custom_menu":"0","ocean_menu_typo_font_family":"0","ocean_menu_typo_font_subset":"","ocean_menu_typo_font_size":0,"ocean_menu_typo_font_size_tablet":0,"ocean_menu_typo_font_size_mobile":0,"ocean_menu_typo_font_size_unit":"px","ocean_menu_typo_font_weight":"","ocean_menu_typo_font_weight_tablet":"","ocean_menu_typo_font_weight_mobile":"","ocean_menu_typo_transform":"","ocean_menu_typo_transform_tablet":"","ocean_menu_typo_transform_mobile":"","ocean_menu_typo_line_height":0,"ocean_menu_typo_line_height_tablet":0,"ocean_menu_typo_line_height_mobile":0,"ocean_menu_typo_line_height_unit":"","ocean_menu_typo_spacing":0,"ocean_menu_typo_spacing_tablet":0,"ocean_menu_typo_spacing_mobile":0,"ocean_menu_typo_spacing_unit":"","ocean_menu_link_color":"","ocean_menu_link_color_hover":"","ocean_menu_link_color_active":"","ocean_menu_link_background":"","ocean_menu_link_hover_background":"","ocean_menu_link_active_background":"","ocean_menu_social_links_bg":"","ocean_menu_social_hover_links_bg":"","ocean_menu_social_links_color":"","ocean_menu_social_hover_links_color":"","ocean_disable_title":"default","ocean_disable_heading":"default","ocean_post_title":"","ocean_post_subheading":"","ocean_post_title_style":"","ocean_post_title_background_color":"","ocean_post_title_background":0,"ocean_post_title_bg_image_position":"","ocean_post_title_bg_image_attachment":"","ocean_post_title_bg_image_repeat":"","ocean_post_title_bg_image_size":"","ocean_post_title_height":0,"ocean_post_title_bg_overlay":0.5,"ocean_post_title_bg_overlay_color":"","ocean_disable_breadcrumbs":"default","ocean_breadcrumbs_color":"","ocean_breadcrumbs_separator_color":"","ocean_breadcrumbs_links_color":"","ocean_breadcrumbs_links_hover_color":"","ocean_display_footer_widgets":"default","ocean_display_footer_bottom":"default","ocean_custom_footer_template":"0"},"product_brand":[],"product_cat":[70,25,18],"product_tag":[],"class_list":{"0":"post-14574","1":"product","2":"type-product","3":"status-publish","4":"has-post-thumbnail","6":"product_cat-gravatas-de-seda","7":"product_cat-lancamentos","8":"product_cat-gravatas","10":"entry","11":"has-media","13":"first","14":"instock","15":"sale","16":"shipping-taxable","17":"purchasable","18":"product-type-simple","19":"has-product-nav","20":"col","21":"span_1_of_3","22":"owp-content-center","23":"owp-thumbs-layout-horizontal","24":"owp-btn-normal","25":"owp-tabs-layout-horizontal"},"jetpack_sharing_enabled":true,"_links":{"self":[{"href":"https:\/\/pgravatas.com.br\/index.php\/wp-json\/wp\/v2\/product\/14574","targetHints":{"allow":["GET"]}}],"collection":[{"href":"https:\/\/pgravatas.com.br\/index.php\/wp-json\/wp\/v2\/product"}],"about":[{"href":"https:\/\/pgravatas.com.br\/index.php\/wp-json\/wp\/v2\/types\/product"}],"replies":[{"embeddable":true,"href":"https:\/\/pgravatas.com.br\/index.php\/wp-json\/wp\/v2\/comments?post=14574"}],"wp:featuredmedia":[{"embeddable":true,"href":"https:\/\/pgravatas.com.br\/index.php\/wp-json\/wp\/v2\/media\/14573"}],"wp:attachment":[{"href":"https:\/\/pgravatas.com.br\/index.php\/wp-json\/wp\/v2\/media?parent=14574"}],"wp:term":[{"taxonomy":"product_brand","embeddable":true,"href":"https:\/\/pgravatas.com.br\/index.php\/wp-json\/wp\/v2\/product_brand?post=14574"},{"taxonomy":"product_cat","embeddable":true,"href":"https:\/\/pgravatas.com.br\/index.php\/wp-json\/wp\/v2\/product_cat?post=14574"},{"taxonomy":"product_tag","embeddable":true,"href":"https:\/\/pgravatas.com.br\/index.php\/wp-json\/wp\/v2\/product_tag?post=14574"}],"curies":[{"name":"wp","href":"https:\/\/api.w.org\/{rel}","templated":true}]}}